) to base 7
3
What is 5 (base 16) in base 10?
5
Convert 2 (base 13) to base 8.
2
445 (base 6) to base 15
b8
What is -30 (base 5) in base 15?
-10
Convert 7 (base 12) to base 14.
7
5 (base 10) to base 9
5
What is 1 (base 13) in base 11?
1
What is -10 (base 6) in base 14?
-6
-1 (base 7) to base 10
-1
What is 2 (base 5) in base 15?
2
Convert 4 (base 7) to base 15.
4
Convert 2 (base 11) to base 2.
10
-210 (base 4) to base 16
-24
What is 20 (base 3) in base 2?
110
Convert 21 (base 9) to base 5.
34
What is -337 (base 8) in base 6?
-1011
What is -3 (base 11) in base 16?
-3
What is -37 (base 8) in base 4?
-133
What is -4b (base 15) in base 14?
-51
-6a (base 13) to base 3
-10021
What is 5 (base 14) in base 4?
11
What is 8 (base 11) in base 2?
1000
What is 32 (base 7) in base 14?
19
-40 (base 6) to base 12
-20
Convert 3 (base 9) to base 7.
3
Convert 0 (base 14) to base 5.
0
What is -4 (base 5) in base 10?
-4
What is 1 (base 5) in base 10?
1
What is -3c (base 14) in base 5?
-204
What is 1010000 (base 2) in base 13?
62
What is a (base 16) in base 3?
101
Convert 12 (base 5) to base 6.
11
-11 (base 8) to base 2
-1001
3230 (base 4) to base 14
12c
Convert -45 (base 7) to base 15.
-23
Convert -12 (base 4) to base 6.
-10
-15 (base 8) to base 6
-21
17 (base 10) to base 13
14
What is -8 (base 13) in base 15?
-8
What is -99 (base 11) in base 10?
-108
Convert -2 (base 5) to base 8.
-2
What is -1b (base 13) in base 8?
-30
-100 (base 4) to base 6
-24
Convert -1 (base 12) to base 4.
-1
Convert 6 (base 15) to base 9.
6
2 (base 4) to base 5
2
Convert -100012 (base 3) to base 9.
-305
Convert -110 (base 3) to base 9.
-13
What is -222 (base 3) in base 6?
-42
4 (base 6) to base 12
4
What is 1 (base 9) in base 13?
1
What is -2d (base 14) in base 10?
-41
What is 4 (base 13) in base 8?
4
Convert 362 (base 7) to base 6.
515
What is -200 (base 6) in base 5?
-242
What is 3 (base 7) in base 13?
3
Convert -176 (base 10) to base 11.
-150
What is -68 (base 15) in base 5?
-343
What is 5 (base 9) in base 12?
5
Convert 88 (base 15) to base 4.
2000
Convert a (base 15) to base 12.
a
What is -15 (base 14) in base 6?
-31
What is -3a (base 14) in base 10?
-52
-21 (base 9) to base 11
-18
What is 268 (base 10) in base 12?
1a4
Convert -100 (base 9) to base 10.
-81
Convert 6 (base 8) to base 13.
6
Convert -4 (base 9) to base 5.
-4
-24 (base 14) to base 8
-40
6 (base 9) to base 12
6
16 (base 15) to base 6
33
Convert -3 (base 5) to base 11.
-3
2021 (base 3) to base 12
51
What is 4 (base 6) in base 13?
4
Convert 13 (base 15) to base 2.
10010
-189 (base 16) to base 11
-328
What is -223 (base 4) in base 11?
-3a
What is 204 (base 9) in base 13?
ca
Convert -102 (base 4) to base 11.
-17
Convert 7 (base 11) to base 3.
21
What is 14 (base 10) in base 6?
22
-7 (base 12) to base 10
-7
2 (base 10) to base 12
2
Convert -80 (base 10) to base 11.
-73
What is 20 (base 4) in base 11?
8
Convert -4 (base 14) to base 15.
-4
What is -31 (base 12) in base 6?
-101
10 (base 5) to base 12
5
-72 (base 9) to base 15
-45
-2d (base 14) to base 13
-32
1013 (base 4) to base 7
131
Convert 0 (base 7) to base 14.
0
Convert 1 (base 12) to base 15.
1
What is -4b (base 13) in base 16?
-3f
3 (base 14) to base 11
3
What is 4 (base 10) in base 11?
4
What is 11 (base 8) in base 15?
9
Convert -7 (base 16) to base 13.
-7
What is -2a (base 15) in base 12?
-34
Convert -8 (base 16) to base 10.
-8
What is -11 (base 3) in base 6?
-4
7 (base 14) to base 11
7
3 (base 16) to base 12
3
Convert 11 (base 14) to base 10.
15
What is 1111 (base 4) in base 16?
55
Convert -3 (base 12) to base 14.
-3
-346 (base 10) to base 9
-424
Convert -5 (base 13) to base 5.
-10
-1b (base 12) to base 6
-35
c4 (base 14) to base 7
334
-4 (base 9) to base 4
-10
What is 6 (base 15) in base 2?
110
Convert 43 (base 12) to base 14.
39
Convert -2 (base 14) to base 7.
-2
16 (base 14) to base 4
110
What is -e (base 15) in base 11?
-13
-10 (base 11) to base 3
-102
-1032 (base 5) to base 7
-262
What is 31 (base 8) in base 13?
1c
What is 233 (base 4) in base 9?
52
43 (base 8) to base 9
38
Convert 143 (base 6) to base 16.
3f
Convert 7 (base 13) to base 7.
10
-3 (base 15) to base 16
-3
-4 (base 10) to base 16
-4
-3 (base 16) to base 7
-3
What is 3 (base 5) in base 9?
3
Convert -1 (base 12) to base 7.
-1
What is -1 (base 4) in base 10?
-1
What is -103 (base 7) in base 2?
-110100
What is -a (base 11) in base 12?
-a
-33 (base 4) to base 9
-16
Convert 1002 (base 3) to base 6.
45
What is 10 (base 4) in base 5?
4
29 (base 11) to base 8
37
Convert 114 (base 8) to base 10.
76
What is 141 (base 7) in base 4?
1032
Convert -20 (base 9) to base 7.
-24
-1 (base 15) to base 11
-1
Convert 84 (base 9) to base 10.
76
5 (base 8) to base 12
5
0 (base 14) to base 9
0
113 (base 6) to base 5
140
Convert 22 (base 7) to base 2.
10000
-222 (base 6) to base 16
-56
What is 54 (base 16) in base 10?
84
Convert -262 (base 7) to base 13.
-ac
What is -46 (base 11) in base 14?
-38
What is -26 (base 15) in base 2?
-100100
-1110010 (base 2) to base 13
-8a
What is 0 (base 5) in base 14?
0
Convert -1 (base 4) to base 9.
-1
Convert -15 (base 8) to base 9.
-14
-271 (base 9) to base 3
-22101
What is 56 (base 16) in base 11?
79
Convert 50 (base 6) to base 12.
26
What is 33 (base 11) in base 7?
51
Convert -5 (base 9) to base 2.
-101
What is 0 (base 5) in base 6?
0
Convert -1001 (base 2) to base 14.
-9
What is 8 (base 10) in base 8?
10
What is 4 (base 10) in base 9?
4
-3 (base 14) to base 8
-3
-1 (base 4) to base 3
-1
Convert 13b (base 16) to base 13.
1b3
What is -1 (base 12) in base 13?
-1
Convert -2 (base 14) to base 12.
-2
Convert 4 (base 11) to base 7.
4
What is 56 (base 7) in base 11?
38
b (base 14) to base 9
12
What is 12 (base 10) in base 2?
1100
125 (base 14) to base 8
345
12 (base 3) to base 9
5
Convert -11010 (base 2) to base 6.
-42
Convert -127 (base 12) to base 16.
-af
11 (base 2) to base 13
3
Convert -1022 (base 4) to base 5.
-244
0 (base 9) to base 7
0
What is -5 (base 8) in base 10?
-5
What is 20 (base 7) in base 4?
32
Convert 0 (base 7) to base 15.
0
What is 61 (base 8) in base 7?
100
What is -102 (base 4) in base 3?
-200
Convert 0 (base 2) to base 9.
0
Convert -10 (base 3) to base 8.
-3
What is 6 (base 13) in base 7?
6
What is -215 (base 11) in base 14?
-146
Convert 10 (base 2) to base 9.
2
-2 (base 12) to base 7
-2
-402 (base 5) to base 2
-1100110
What is -113 (base 5) in base 11?
-30
3 (base 16) to base 12
3
Convert -542 (base 7) to base 2.
-100010011
What is -34 (base 7) in base 5?
-100
What is -32 (base 5) in base 6?
-25
62 (base 11) to base 13
53
What is -8c (base 16) in base 15?
-95
-5 (base 6) to base 7
-5
What is 2210 (base 3) in base 6?
203
203 (base 7) to base 15
6b
What is -28 (base 9) in base 8?
-32
What is 290 (base 10) in base 11?
244
38 (base 9) to base 10
35
What is 10 (base 2) in base 6?
2
Convert -10 (base 3) to base 7.
-3
4 (base 9) to base 13
4
What is 0 (base 11) in base 15?
0
What is -216 (base 7) in base 16?
-6f
-135 (base 16) to base 11
-261
Convert -2 (base 7) to base 11.
-2
2 (base 10) to base 14
2
6 (base 7) to base 13
6
29 (base 11) to base 15
21
Convert 0 (base 13) to base 12.
0
What is 1 (base 8) in base 2?
1
-5 (base 9) to base 3
-12
Convert 11001 (base 2) to base 8.
31
3 (base 14) to base 15
3
13 (base 8) to base 12
b
What is -2 (base 11) in base 9?
-2
-100010 (base 2) to base 3
-1021
50 (base 6) to base 16
1e
What is -111000 (base 2) in base 7?
-110
What is -5 (base 8) in base 16?
-5
Convert -141 (base 10) to base 6.
-353
1000010 (base 2) to base 7
123
111011 (base 2) to base 4
323
4 (base 7) to base 14
4
Convert 48 (base 11) to base 15.
37
-48 (base 10) to base 7
-66
What is 13 (base 9) in base 3?
110
11 (base 4) to base 8
5
Convert 111 (base 2) to base 4.
13
3 (base 13) to base 11
3
3 (base 9) to base 4
3
What is 541 (base 8) in base 9?
432
What is 110011 (base 2) in base 8?
63
11 (base 7) to base 12
8
Convert 12 (base 9) to base 16.
b
Convert -1 (base 2) to base 11.
-1
a (base 16) to base 13
a
Convert 5 (base 13) to base 4.
11
What is 162 (base 8) in base 14?
82
Convert -d (base 15) to base 8.
-15
Convert -12 (base 8) to base 6.
-14
e (base 16) to base 12
12
What is 0 (base 10) in base 3?
0
Convert 8 (base 16) to base 12.
8
11 (base 14) to base 5
30
What is -1232 (base 